e 2*y = 4*y - 34. Suppose 0 = -19*h + y*h + 28. Calculate the remainder when 55 is divided by h.
13
Suppose 0 = -2*c + 3*c - 9. Let x(k) = -2*k - 6. What is the remainder when ((-8)/(-6))/(2/c) is divided by x(-5)?
2
Let n be (2 + -4 - -4) + 4. Let i(w) = w + 7. Let g = 27 + -19. Calculate the remainder when i(n) is divided by g.
5
Suppose 4*p - 145 + 21 = 0. What is the remainder when 395 is divided by p?
23
Let s(g) = g**3 - 4*g**2 - 3*g - 3. Let h be s(5). Suppose h*m - 608 = -9*m. Calculate the remainder when m is divided by 9.
2
Let r(b) = -b - 2. Let m be r(-2). Let l = 3 + m. Let o = -17631 + 17640. What is the remainder when o is divided by l?
0
Let m(d) = 38*d - 581. Calculate the remainder when m(18) is divided by 5.
3
Suppose -5*g = -10*u + 12*u - 1247, 0 = 2*g - 3*u - 495. Calculate the remainder when g is divided by 16.
9
Suppose 0 = 909*v - 895*v - 1092. What is the remainder when v is divided by 9?
6
Suppose -2*s = 3*z - 100, -4*z + 159 = -4*s + 19. What is the remainder when z is divided by ((2 - 8) + 1)*19/(-5)?
15
Let n = -32 - -36. What is the remainder when 45 is divided by 26 + (2/1 - n)?
21
Let k(l) = -l**3 - 11*l**2 - 3*l - 1. Let m be k(-11). Suppose -8*u = -24 - m. Calculate the remainder when 18 is divided by u.
4
Suppose 0*z = -2*z - 4*f - 16, -2*z - f - 4 = 0. Suppose -4*c - r = -z*r - 68, 0 = r - 4. What is the remainder when 46 is divided by c?
14
Suppose 0 = 13*v + 40 - 469. What is the remainder when 104 is divided by v?
5
Let j be 34 - 2 - (4 + -1). Suppose 2*h = h + 15. Let d = j - h. What is the remainder when 27 is divided by d?
13
Suppose -33*r - 63*r + 3552 = 0. What is the remainder when 167 is divided by r?
19
Suppose -93*a + 660 = -89*a. What is the remainder when a is divided by 21?
18
Suppose -30*z - 185 = 29*z - 657. Suppose -2*q + 6*q - 8 = 0. Suppose -3*w = -y - q*y - 81, 0 = w + y - 17. What is the remainder when w is divided by z?
6
Let t = 53 + -3. Let x(s) = -s - 1. Let d be x(-9). Suppose -d = -n + 5. What is the remainder when t is divided by n?
11
Suppose z - 1 = 0, -p + 6*p + 4*z = 29. Suppose -30 = -p*s + 15. Calculate the remainder when s is divided by 2.
1
Suppose 4*n - 5*n + 85 = 0. Suppose t + i = -338 + 12, 0 = -t - 3*i - 318. Calculate the remainder when n is divided by (t/20)/((-6)/8).
19
Let m(w) = w**3 + 10*w**2 - 63*w - 9. What is the remainder when 436 is divided by m(-14)?
80
Let f be (-10)/(-60) - 227/(-6). Suppose k + 0*k - f = -4*l, -2*k + 3*l + 98 = 0. What is the remainder when k is divided by (-4 + (4 - 1))*-12?
10
Calculate the remainder when (128/(-4))/(1 + (-39)/33) is divided by ((-4)/8)/((-9)/810).
41
Let b(n) = -6*n + 232. What is the remainder when b(30) is divided by 29?
23
Suppose -3*m - 21 = -2*c, -3*m - 11 = -5*c + 19. What is the remainder when 10 is divided by c?
1
Suppose -240 = -71*h + 66*h. What is the remainder when 2638 is divided by h?
46
Let n = -11 + 36. Suppose 24*x = 29*x - 75. What is the remainder when n is divided by x?
10
Suppose 8*g = -11*g. Calculate the remainder when 2 + (1 - (g - 1)) - -65 is divided by 28.
13
Let a(p) = 61 + 2*p**2 - 18*p - p**2 - 2*p**2. What is the remainder when 165 is divided by a(-19)?
39
Let o = 81 + -51. Suppose 0 = 7*q - 229 - o. What is the remainder when q is divided by 17?
3
Suppose c + 12 = 3*y, -3*y + 0*c + 12 = -2*c. Let d be (-8043)/(-49) - 30/(-35). Suppose -n = -y*n + d. What is the remainder when n is divided by 19?
17
Calculate the remainder when (1*-4)/(22/(-1793)) is divided by 30.
26
Let y = -1240 - -1259. Calculate the remainder when 776 is divided by y.
16
Let k = 199 - 168. Calculate the remainder when 121 is divided by k.
28
Let k(a) = 2*a**2 + 4*a + 5. Let r = 22 + -27. What is the remainder when 67 is divided by k(r)?
32
Suppose -22 + 82 = 4*m. Suppose 0 = 3*v - 4*i - 70, -9*v + 12*v = -4*i + 86. Calculate the remainder when v is divided by m.
11
Let l = 36 - 25. Let p = 92 + -63. Calculate the remainder when p is divided by l.
7
Suppose 36*z = 9*z + 2457. Calculate the remainder when z is divided by 69.
22
Let f(v) = -v**3 - 6*v**2 + 10*v - 13. Let r(t) = 4*t - 9. Let s be r(0). Calculate the remainder when f(s) is divided by 24.
20
Suppose -768 = -4*i + 2*i. Suppose -12 = -6*u + i. Suppose 2*q - 2*t = -6*t + u, -4*q = 5*t - 123. What is the remainder when 52 is divided by q?
25
Suppose 5*a = 3*o - 250, o + 2*a = -2*a + 72. Suppose -4*x - 151 = -5*n, -4*x + 26 = 3*n - 39. Calculate the remainder when o is divided by n.
26
Suppose 0 = -5*o + 5 + 165. Let z(s) = -s**3 - 8*s**2 - 6*s + 9. Let x be z(-7). Suppose -x*a + 5*a = 36. What is the remainder when o is divided by a?
10
What is the remainder when 97 is divided by (1188/(-84) - -17)/((-2)/(-21))?
7
Let x(k) = k**3 - 16*k**2 - 51*k - 23. What is the remainder when x(19) is divided by 32?
27
Let w(j) = -2*j**2 + 75*j - 77. Suppose -76 = -2*k + 36. Calculate the remainder when k is divided by w(36).
25
Let n be 6*2/(-2 - 2). Let l = n + 26. What is the remainder when 66 is divided by l?
20
Suppose 0 = -4*h - 5*a + 31 + 204, a = 3. Let c = -6 + 20. What is the remainder when h is divided by c?
13
Let n = 53 + -25. Calculate the remainder when 1832/n - 8/(-14) is divided by 34.
32
Suppose -166 = -j + 3*b, -32*j + 29*j - 4*b = -511. Suppose -o + 3*q = -34, 0 = -7*q + 2*q. What is the remainder when j is divided by o?
33
Let i = -413 - -457. What is the remainder when i is divided by 14?
2
Suppose 8*x - 3*x + 20 = 0. What is the remainder when 1 is divided by x/(-12)*2/((-6)/(-9))?
0
Suppose 4*v + 175 = 5*y + 20, -2*y = 3*v - 39. Let c = 42 - 36. Calculate the remainder when y is divided by c.
3
Let p be -3*(1394/85 - (-3)/5). Suppose -6*w + 3*w = -174. What is the remainder when w is divided by p/34*80/(-6)?
18
Calculate the remainder when 120 is divided by 5 + 49/(-14) - 162/(-4).
36
Let k = -23 + 45. Let f(y) = -y**2 - 9*y + 6. Calculate the remainder when (-4)/(-22) + 568/k is divided by f(-8).
12
Let p(f) = 8*f - 34. Let t be p(5). Let s(o) = -o**3 + 9*o**2 - 7*o - 4. Let n be s(8). Suppose n + t = i. Calculate the remainder when 59 is divided by i.
9
Suppose -75 = 3*u - 252. What is the remainder when u is divided by 2?
1
Suppose -2*x = -21 + 5. Let g = x + -4. Suppose -4*h + 4*v + 124 = 0, g*v + 3 = -1. What is the remainder when 118 is divided by h?
28
Calculate the remainder when (64/(-8) + 7)*-137 is divided by 36.
29
Let o(i) = 7*i + 4. Let t(q) = 3*q**3 - 13*q**2 + 6*q + 17. What is the remainder when t(5) is divided by o(3)?
22
Suppose -5 - 1 = -6*f. Suppose 0 = 16*v - 32 + 16. What is the remainder when f is divided by v?
0
Suppose -3*j + 7 = -4*n - 0, -3*n = -3*j + 9. Let k be (4/n - -11)*5. Suppose 4*i + 0*i + d = k, d = 4*i - 55. Calculate the remainder when 42 is divided by i.
12
Let x = -344 - -491. What is the remainder when x is divided by 17?
11
Let d = -337 - -441. What is the remainder when d is divided by 19?
9
Suppose 17*g - 42 = 15*g. Suppose -5*x + g + 124 = 0. Calculate the remainder when x is divided by 15.
14
Suppose -85 = 7*j - 2*j + 5*o, 3*j - 4*o + 65 = 0. Let a = 94 + j. Let z = 29 - 10. What is the remainder when a is divided by z?
18
Let t be (-8)/(-4)*2/4. Suppose -v + 12 = 2*x, -2*v + t - 4 = -5*x. Let d(a) = 2*a**2 + 16*a + 5. Calculate the remainder when d(-9) is divided by v.
5
Let o(i) = -i - 5. Suppose -v - 2*v + n = 22, 0 = 3*v + 5*n - 2. Let g be o(v). Calculate the remainder when ((-7)/3)/(g/(-51)) is divided by 30.
29
Suppose 0 = -582*g + 576*g + 1218. Calculate the remainder when g is divided by 11.
5
Suppose 103*b - 23463 = 11763. What is the remainder when b is divided by 74?
46
Let j = 61 + -57. Calculate the remainder when 63 is divided by 2*(0 + (-2)/j - -6).
8
Calculate the remainder when 83 is divided by 1*(0 + (-9)/3) + 35.
19
Suppose 0 = 2*z - 0*z - 220. Suppose -7*b + 299 - z = 0. What is the remainder when b is divided by 16?
11
Suppose -5*r = -10*r - 3*u + 4835, 2*u = -10. What is the remainder when r is divided by 81?
79
Suppose -3*q - q = -16. Calculate the remainder when 34/6 + (-32)/624*13 is divided by q.
1
Let a = -8 - -27. Suppose -5*d + a = -61. Let z = 37 + -31. What is the remainder when d is divided by z?
4
Let c = -439 + 564. What is the remainder when c is divided by 63?